 when q is divided by l(-10).
7
Let c be 5918/99 - (-2)/9. Let l = 120 - c. Let z = 280 + -43. What is the remainder when z is divided by l?
57
Suppose -15*f = -18*f + 21. Suppose -f*m - 63 - 35 = 0. Let g(i) = -2*i - 9. Calculate the remainder when g(m) is divided by 10.
9
Let m = 238 - -316. Let n be m/5 + (-1)/(-10)*-8. Suppose 10*y = 15*y - n. Calculate the remainder when 65 is divided by y.
21
Suppose -3*w - 21 = 0, -5*a - 62*w + 64*w = -364. What is the remainder when 3011 is divided by a?
1
Let b(z) = -z**3 + 12*z**2 - 70*z + 581. Calculate the remainder when 541 is divided by b(9).
153
Let b(o) = -2*o**2 + 3*o + 53. Suppose 0 = -3*h + 17 - 137. Let z = -7 - h. Calculate the remainder when z is divided by b(-4).
6
Let v(s) = -s**3 + 8*s**2 - 8*s + 10. Let z be v(7). Suppose -84 = -2*i + 4*k, z*i - 111 - 25 = k. What is the remainder when i is divided by 53/4 - (-1)/(-4)?
7
Let a(j) = 6*j**3 - 34*j**2 - 7*j - 2. Calculate the remainder when 12151 is divided by a(6).
27
Suppose -2*z + 7 + 15 = 0. Let q = -13751 + 13774. What is the remainder when q is divided by z?
1
Suppose -14 = -546*m + 553*m - 196. Calculate the remainder when m is divided by 23.
3
Let q(g) = -7*g**3 - 150*g**2 + 28*g - 30. What is the remainder when q(-22) is divided by 27?
21
Let y be (2 - (2 + 1374))*(-2)/4. Let j = -472 + y. Calculate the remainder when j is divided by 27.
26
Let b be ((-24)/(-15))/(40/100). Suppose b*f - 7*m = -8*m + 33, -m = -4*f + 39. Let l(v) = -v - 1. What is the remainder when f is divided by l(-5)?
1
Let d(f) = -7*f**3 + 11*f**2 + 57*f - 7. What is the remainder when 3881 is divided by d(-4)?
380
Let i = 9331 + -9097. What is the remainder when i is divided by 15?
9
Let v = 20 - 6. Let f be (-12)/(-8)*(-20)/(-15). Suppose -19*g = -f*c - 23*g + 56, -4*c = -g - 148. Calculate the remainder when c is divided by v.
8
Let z = 14 + -3. Let a(b) = -27*b - 435. Calculate the remainder when a(-18) is divided by z.
7
Let m = -2669 + 2962. What is the remainder when m is divided by 38?
27
Let f = 16 + 0. Suppose -4*g - 5*u + 493 = 0, -u = 30*g - 4255 + 448. Calculate the remainder when g is divided by f.
15
Suppose 3*h = -4*m + 9, 5*h - 12 = -5*m + h. Suppose -2*t + 50 + m = 0. What is the remainder when 35 is divided by (-15)/t*6*(-10)/4?
8
Let j = 6085 - 4988. Calculate the remainder when j is divided by 362.
11
Let d(p) = -p**3 - 2*p**2 + 6*p - 15. Let c be ((-6)/(-2))/(-3 - -2) - 2. Calculate the remainder when 119 is divided by d(c).
29
Calculate the remainder when (64197/(-13))/(-21) - 4/26 is divided by 138.
97
Suppose 2936*z = 2957*z - 1092. Calculate the remainder when 504 is divided by z.
36
Let y = 68 + -68. Suppose 4*a - 2*p - 266 = y, 0 = -5*p + 17 + 8. Let c = -34 + a. What is the remainder when 67 is divided by c?
32
Let n(o) = -5*o**3 - 239*o**2 + 52*o + 235. Calculate the remainder when 6/(-9) + 1018/6 is divided by n(-48).
40
Suppose -k + 46 - 14 = 0. Suppose 0 = 490*f - 492*f + k. What is the remainder when 93 is divided by f?
13
Let f be (-12 + 29)*66/1. Suppose -1132*x + 540 = -f*x. What is the remainder when x is divided by (-4)/(9/(-7) + 1)?
12
Let q = -2275 - -2320. Let i be (1 - 2)/(3/(-54)). Let h = q - i. What is the remainder when h is divided by 17?
10
Suppose 0 = h, 0 = 2*d - h - 52 - 16 - 16. What is the remainder when 553 is divided by d?
7
Suppose 111*x - 113*x + 1388 = 0. What is the remainder when x is divided by 345?
4
Let g(p) = -191*p + 1322. Calculate the remainder when g(6) is divided by 18.
14
Suppose -16*l + 5*r + 640 = -11*l, -5 = -5*r. Suppose l*a - 480 = 117*a. Calculate the remainder when a is divided by 31.
9
Let c be 1 - (-102)/3*2 - -3. Let i be (c/(-90))/(1/(-400)*2). Calculate the remainder when ((i/(-25))/2)/(4/(-30)) is divided by 7.
3
Suppose -5*v = -15, 0 = x + 4*v - 272 - 490. Suppose 423 + x = 17*p. What is the remainder when p is divided by 25?
19
Let i be (-434)/(-4) - (-1)/(-2). Suppose -5*n = -97 - i. Calculate the remainder when n is divided by (5/(-15))/(-1*(-1304)/(-216) + 6).
5
Suppose 2*p + 148 = -2*a, -5*p - 582 = 3*a - 218. Suppose 5*f = 49 + 346. Let j = p + f. What is the remainder when 14 is divided by j?
6
Let i = 15067 - 14821. Calculate the remainder when 561 is divided by i.
69
Let d(z) = -161*z - 3. Let l be d(-2). Let f = l + -226. Let i = 1 + f. Calculate the remainder when i is divided by 25.
19
Let v = -547 - -565. Suppose -5*w + 248 = 48. Suppose -3*s + t + 35 = 5, -4*s - 3*t = -w. Calculate the remainder when v is divided by s.
8
Let j(t) = 54*t - 17. Suppose 315 + 101 + 52 = 18*g. What is the remainder when j(7) is divided by g?
23
Suppose 3*q = 2*i + 192, 0*q - 3*q = 5*i - 150. Calculate the remainder when 553 is divided by q.
13
Let g(b) = -4*b**3 - 14*b**2 + 100*b + 7. Calculate the remainder when g(-10) is divided by 9.
5
What is the remainder when 948 is divided by (1 + -5)*(14 + 324/(-16))?
23
Calculate the remainder when (-2 - 21/(-9))*(1321 + 32) is divided by 41.
0
Suppose -9*j - 3477 = -5142 - 5931. What is the remainder when j is divided by 27?
7
Let g = -35 + 40. Suppose 4*v = -3*k + 65, 5*k = 3*k - g*v + 41. Calculate the remainder when 90 is divided by k.
21
Suppose 98673 = 23*t - 5103. What is the remainder when t is divided by 129?
126
Let a = 159 + 45. Suppose -5*r = 12*r - a. Calculate the remainder when 94 is divided by r.
10
Suppose -7*j + 0*j = -28. Suppose 0 = -5*q - 23 + 33. What is the remainder when j is divided by (-1)/2 - (-3)/q?
0
Suppose -27*r = 15*r + 46*r - 4136. What is the remainder when 745 is divided by r?
40
Let a = -1642 + 2429. Calculate the remainder when 792 is divided by a.
5
Let g = 8787 + -8724. Suppose 2*o - 309 + 61 = 0. Calculate the remainder when o is divided by g.
61
What is the remainder when (1276/18)/((-6)/(-72)) + (-12)/18 is divided by 408?
34
Let t(s) = -3*s**2 + 143*s + 719. Let w(x) = -43*x**2 + 2*x - 1. Let j be w(1). Let h = -19 - j. Calculate the remainder when t(52) is divided by h.
20
Let x(h) = 6*h**2 + 10*h - 13. Let z be x(5). Let i = -124 + z. What is the remainder when i is divided by 16*(1 - 2)*-2?
31
What is the remainder when ((-47985)/(-51) - (-2 + 2)) + 26/221 is divided by 25?
16
Suppose -3*m - 2*b + 285 = 2*b, 3*b + 355 = 4*m. Suppose -4*f + 3*l + 12 = -72, 4*l = 5*f - 104. What is the remainder when m is divided by f?
19
Let j = 159 + -155. Suppose -3*s + 45 = -2*l + 5*l, -2*l + j = 0. What is the remainder when 154 is divided by s?
11
Let i(s) = -700*s**3 - 7*s**2 + 47*s + 50. Calculate the remainder when i(-1) is divided by 175.
171
Let j = -6766 + 6806. What is the remainder when 514 is divided by j?
34
What is the remainder when 444 is divided by (-2*(-165)/(-60))/((-1)/10)?
4
Let m(d) = -d**3 - 7*d**2 - 15*d - 14. Let u be m(-6). Let n(x) = -3*x**2 + 121*x - 25. Suppose c + 10 = 37. Calculate the remainder when c is divided by n(u).
12
Suppose -258*m + 502 + 4615 = -10105. Suppose 0*u + 3*u = 96. Suppose -j - 58 = -3*o, o - 2*j = -o + u. What is the remainder when m is divided by o?
17
Suppose -21*d = -45*d + 65*d - 7667. Calculate the remainder when 7292 is divided by d.
186
Let f(r) be the second derivative of 16*r**4/3 - 5*r**3/6 + 13*r**2/2 + 37*r. What is the remainder when f(2) is divided by 11?
6
Let j(u) = u**2 - 10*u - 2050. What is the remainder when j(-52) is divided by 42?
40
Let i(k) be the third derivative of k**5/30 + k**4/6 + k**3 + k**2. Suppose -205*p - 477 + 1783 = -2589. Calculate the remainder when i(-5) is divided by p.
17
Calculate the remainder when 6809/44 + (1 - (-6)/(-8)) is divided by (504/(-10))/(-3) - (-8)/(-10).
11
Suppose 1219 + 633 = 47*m - 1955. What is the remainder when 3721 is divided by m?
76
Let r(i) = -228*i**3 + i**2 + i + 1. Let f be r(-1). Let t = f - 156. Calculate the remainder when 509 is divided by t.
71
Suppose -189 = 4576*c - 4579*c. What is the remainder when 2203 is divided by c?
61
Suppose 8*w - 5*w - 1797 = 0. What is the remainder when w is divided by 24?
23
What is the remainder when 405 is divided by ((-2)/(-3))/(-41 + (-28446)/(-693))?
13
Suppose -64 = -g - 32. Suppose -12 = -4*v + 8. What is the remainder when g is divided by v/(2 - 3/3)?
2
Suppose -k - 4*k + 2*t = -1177, 4*t - 490 = -2*k. Suppose 315 = k*c - 232*c. Calculate the